111
-21e2cd (base 15) to base 6
-54355204
Convert -10227436 (base 8) to base 11.
-1255a16
What is -104301244 (base 5) in base 15?
-92169
What is -103201003 (base 4) in base 9?
-131581
Convert 351d3b (base 14) to base 8.
6720721
Convert -11011110000000110000 (base 2) to base 5.
-213044420
aaca (base 16) to base 10
43722
What is -17534365 (base 8) in base 9?
-7654582
What is -13321333110 (base 4) in base 10?
-2072532
Convert 62662 (base 14) to base 13.
83ca9
104782 (base 9) to base 6
1201502
What is -120220002010211 (base 3) in base 9?
-16802124
Convert -755152 (base 8) to base 6.
-5225030
Convert -b430 (base 16) to base 8.
-132060
Convert -20112001220 (base 3) to base 6.
-2430123
Convert 3131011333 (base 4) to base 6.
31224331
4332100 (base 5) to base 6
1330413
Convert -214314304 (base 5) to base 10.
-932454
What is -11110020120 (base 3) in base 4?
-111121221
What is 101011100000101011 (base 2) in base 6?
3453031
Convert 763b (base 14) to base 13.
93c1
-48127 (base 14) to base 9
-287185
82874 (base 10) to base 4
110032322
What is b083 (base 12) in base 4?
10222203
What is 1110022102212 (base 3) in base 11?
4893a5
-1101001100000010000100 (base 2) to base 3
-20111122022211
Convert -22503422 (base 9) to base 16.
-a6ba04
-16907 (base 14) to base 9
-85635
Convert -13386006 (base 9) to base 6.
-353411523
-19d9b (base 14) to base 5
-4101142
What is 1a2016 (base 11) in base 13?
ab21c
Convert 31d5 (base 15) to base 14.
3bb8
Convert 6477622 (base 10) to base 11.
3724808
Convert 210233423 (base 6) to base 3.
20212220202220
Convert -3020201001 (base 4) to base 3.
-1112201122000
-92a9 (base 12) to base 8
-37141
Convert -2222020201111 (base 3) to base 11.
-989806
Convert -2b5c70 (base 13) to base 10.
-1069861
Convert 1403311 (base 10) to base 9.
2567874
What is 11b783 (base 12) in base 9?
481330
-112323341 (base 7) to base 15
-90d815
Convert 23ba17a (base 12) to base 2.
11010100100001101101110
Convert -132231032 (base 4) to base 6.
-2410142
What is 8204978 (base 10) in base 5?
4100024403
Convert 3231c (base 14) to base 12.
5a286
What is 136aa6 (base 11) in base 2?
110100010100001110
What is -2166124 (base 7) in base 14?
-6dc84
-7310032 (base 10) to base 16
-6f8ad0
What is 32420403 (base 5) in base 3?
112012101001
22201202121 (base 3) to base 13
602cb
-70979 (base 10) to base 5
-4232404
What is -1001001100101111101011 (base 2) in base 9?
-4474853
What is 212550403 (base 6) in base 3?
21002221102110
-1324446 (base 7) to base 13
-61551
7541c2 (base 13) to base 10
2750971
Convert 521711 (base 10) to base 2.
1111111010111101111
-686380 (base 13) to base 11
-1437860
Convert 1001203333 (base 4) to base 10.
268543
-26b2a34 (base 12) to base 10
-7697992
What is 1041203144 (base 5) in base 2?
1000101110100100110100
Convert 132510 (base 8) to base 7.
252205
What is -263126 (base 12) in base 9?
-1155613
-56806 (base 14) to base 9
-350204
What is 725436 (base 10) in base 4?
2301012330
What is -85599 (base 10) in base 15?
-1a569
What is -a7c04a (base 13) in base 5?
-2002024113
Convert -100000221200 (base 3) to base 15.
-37a60
What is 2270837 (base 10) in base 15?
2ecc92
-442371 (base 9) to base 11
-170557
6b3c (base 13) to base 3
202200222
What is -6499006 (base 11) in base 4?
-223203123230
What is 33300100 (base 4) in base 2?
1111110000010000
Convert -3849a0 (base 11) to base 16.
-94254
What is 125065314 (base 7) in base 11?
4585937
What is -376853 (base 12) in base 9?
-1626000
What is 10abbd (base 15) in base 6?
25020054
Convert 22220211112102 (base 3) to base 16.
4854fb
Convert -11122221202 (base 3) to base 12.
-45178
Convert 5200350 (base 9) to base 14.
523727
What is 3441221314 (base 5) in base 4?
131211332031
Convert -313033242 (base 5) to base 2.
-100111101001011111101
-111111000110011110 (base 2) to base 8
-770636
What is -b80478 (base 12) in base 3?
-12110112010202
-44bb0a (base 12) to base 13
-2c622a
Convert -3771177 (base 9) to base 14.
-3b6a01
Convert 559ba3 (base 15) to base 3.
21200102211100
What is 442412131 (base 5) in base 12?
786b02
What is -3002022022 (base 4) in base 2?
-11000010001010001010
What is 126304 (base 7) in base 9?
35604
What is 462660 (base 7) in base 6?
1434400
Convert -30736324 (base 8) to base 14.
-c22100
Convert 33331031100 (base 4) to base 11.
23a7714
Convert -264a6 (base 13) to base 14.
-1bcba
Convert 50452362 (base 7) to base 10.
4197825
What is -1ea1f9 (base 16) in base 4?
-13222013321
Convert 1abd1 (base 14) to base 5.
4140240
Convert 45435341 (base 6) to base 5.
323423404
Convert 955ba (base 12) to base 15.
3d1a1
What is 433404 (base 6) in base 9?
54074
Convert -164256 (base 9) to base 11.
-6a323
Convert 13062624 (base 7) to base 11.
744540
What is -111549 (base 10) in base 3?
-12200000110
Convert 2303221002 (base 4) to base 11.
462909
Convert 1520563 (base 7) to base 11.
131399
Convert -3762545 (base 8) to base 9.
-1857026
What is -1504335 (base 6) in base 14?
-2376b
What is -407633 (base 8) in base 12?
-661b7
What is -a412a3 (base 12) in base 9?
-4752036
What is 103541445 (base 6) in base 8?
7070545
Convert 402103213 (base 5) to base 3.
10000011002120
What is 10212111200011 (base 3) in base 10?
2056999
Convert -28eb7 (base 16) to base 12.
-80bb3
-11016d6 (base 14) to base 15
-a9682d
What is -3310504 (base 6) in base 13?
-5a001
b823 (base 14) to base 11
21974
What is -7664c (base 15) in base 4?
-1123303233
What is 27659 (base 14) in base 15?
1dc65
1011010201 (base 3) to base 8
54253
2244114 (base 5) to base 11
284aa
What is 33111221310 (base 4) in base 10?
4020852
Convert -61551 (base 12) to base 4.
-132333031
What is -1111323 (base 5) in base 12?
-b404
What is 14232055 (base 7) in base 15?
1b5b57
10222321 (base 5) to base 9
140822
Convert 160134 (base 7) to base 9.
46823
What is 19b646d (base 14) in base 5?
11234403443
33202102 (base 4) to base 2
1111100010010010
What is -3031327 (base 8) in base 7?
-6536515
What is 103303001332 (base 4) in base 15?
6c7a8d
2148636 (base 9) to base 16
119dde
Convert -101200102011021 (base 3) to base 14.
-a7ab66
Convert 22010010233 (base 4) to base 12.
a7283b
What is -1001101110100011111110 (base 2) in base 16?
-26e8fe
101001110011010101011 (base 2) to base 7
14433334
Convert -6f82f3 (base 16) to base 10.
-7308019
-129d9 (base 16) to base 10
-76249
-1220222211110 (base 3) to base 5
-230222033
What is -17c779 (base 15) in base 12?
-478b43
46251137 (base 8) to base 6
555210543
Convert 11011010010100000 (base 2) to base 14.
2ca40
What is 123011550 (base 6) in base 12?
969bb6
What is -418a69 (base 13) in base 11?
-957915
Convert -24322421 (base 5) to base 4.
-320011220
What is 11000103 (base 5) in base 2?
10110111001010010
Convert 228641 (base 9) to base 3.
20222201101
What is 33424434 (base 8) in base 12?
2501b38
1111111010011000000 (base 2) to base 11
326818
-2308bc (base 14) to base 5
-301131010
1237119 (base 10) to base 9
2285006
-23131001222 (base 4) to base 2
-1011011101000001101010
Convert -1210332123 (base 4) to base 15.
-82830
What is -3561da (base 14) in base 13?
-4ba65c
-9681 (base 10) to base 5
-302211
What is -32789 (base 10) in base 9?
-48872
313123141 (base 6) to base 15
730a54
-1085247 (base 9) to base 4
-2033200003
86305 (base 10) to base 6
1503321
-5706087 (base 9) to base 8
-13565671
Convert -10012120100 (base 3) to base 6.
-1204100
3356361 (base 7) to base 13
118119
Convert -2202121121001 (base 3) to base 2.
-101100110100011011111
Convert -287ab1 (base 12) to base 8.
-2452545
Convert 829b5 (base 14) to base 12.
132183
-145c7d6 (base 14) to base 2
-100101110010110011001000
15ad87 (base 14) to base 7
6313530
Convert 3b81 (base 14) to base 2.
10100100000101
69015 (base 14) to base 5
31131321
Convert -1103565 (base 8) to base 7.
-2344240
Convert 4269538 (base 10) to base 8.
20222742
What is 20000142 (base 5) in base 2?
100110001010001001
1024340020 (base 6) to base 10
10852716
190374 (base 13) to base 14
1252c8
What is -6a988 (base 16) in base 5?
-102432431
-26806 (base 16) to base 4
-212200012
What is 31707 (base 11) in base 4?
23100130
Convert -2152945 (base 10) to base 6.
-114051201
Convert 1b0116a (base 12) to base 5.
2431200330
Convert 1200022220110 (base 3) to base 6.
31042403
Convert -71066 (base 10) to base 2.
-10001010110011010
What is -331111202 (base 6) in base 13?
-12c